{"id":481,"date":"2014-07-30T20:38:48","date_gmt":"2014-07-30T20:38:48","guid":{"rendered":"http:\/\/www.mandolin-tempo-bordeaux.fr\/wp-content\/uploads\/2014\/07\/derni\u00e8re-soir\u00e9e-avec-nos-amis-2_1.jpg"},"modified":"2014-07-30T20:38:48","modified_gmt":"2014-07-30T20:38:48","slug":"derniere-soiree-avec-nos-amis-2_1","status":"inherit","type":"attachment","link":"http:\/\/www.mandolin-tempo-bordeaux.fr\/?attachment_id=481","title":{"rendered":"derni\u00e8re soir\u00e9e avec nos amis 2_1"},"author":3,"featured_media":0,"comment_status":"open","ping_status":"open","template":"","meta":{"ngg_post_thumbnail":0},"class_list":["post-481","attachment","type-attachment","status-inherit","hentry"],"description":{"rendered":"<p class=\"attachment\"><a href='http:\/\/www.mandolin-tempo-bordeaux.fr\/wp-content\/uploads\/2014\/07\/derni\u00e8re-soir\u00e9e-avec-nos-amis-2_1.jpg'><img loading=\"lazy\" decoding=\"async\" width=\"300\" height=\"199\" src=\"http:\/\/www.mandolin-tempo-bordeaux.fr\/wp-content\/uploads\/2014\/07\/derni\u00e8re-soir\u00e9e-avec-nos-amis-2_1-300x199.jpg\" class=\"attachment-medium size-medium\" alt=\"\" srcset=\"http:\/\/www.mandolin-tempo-bordeaux.fr\/wp-content\/uploads\/2014\/07\/derni\u00e8re-soir\u00e9e-avec-nos-amis-2_1-300x199.jpg 300w, http:\/\/www.mandolin-tempo-bordeaux.fr\/wp-content\/uploads\/2014\/07\/derni\u00e8re-soir\u00e9e-avec-nos-amis-2_1-451x300.jpg 451w, http:\/\/www.mandolin-tempo-bordeaux.fr\/wp-content\/uploads\/2014\/07\/derni\u00e8re-soir\u00e9e-avec-nos-amis-2_1.jpg 1000w\" sizes=\"auto, (max-width: 300px) 100vw, 300px\" \/><\/a><\/p>\n"},"caption":{"rendered":""},"alt_text":"","media_type":"image","mime_type":"image\/jpeg","media_details":{"width":"1000","height":"664","hwstring_small":"height='84' width='128'","file":"2014\/07\/derni\u00e8re-soir\u00e9e-avec-nos-amis-2_1.jpg","sizes":{"thumbnail":{"file":"derni\u00e8re-soir\u00e9e-avec-nos-amis-2_1-150x150.jpg","width":"150","height":"150","source_url":"http:\/\/www.mandolin-tempo-bordeaux.fr\/wp-content\/uploads\/2014\/07\/derni\u00e8re-soir\u00e9e-avec-nos-amis-2_1-150x150.jpg"},"medium":{"file":"derni\u00e8re-soir\u00e9e-avec-nos-amis-2_1-300x199.jpg","width":"300","height":"199","source_url":"http:\/\/www.mandolin-tempo-bordeaux.fr\/wp-content\/uploads\/2014\/07\/derni\u00e8re-soir\u00e9e-avec-nos-amis-2_1-300x199.jpg"},"post-thumbnail":{"file":"derni\u00e8re-soir\u00e9e-avec-nos-amis-2_1-1000x288.jpg","width":"1000","height":"288","source_url":"http:\/\/www.mandolin-tempo-bordeaux.fr\/wp-content\/uploads\/2014\/07\/derni\u00e8re-soir\u00e9e-avec-nos-amis-2_1-1000x288.jpg"},"large-feature":{"file":"derni\u00e8re-soir\u00e9e-avec-nos-amis-2_1-1000x288.jpg","width":"1000","height":"288","source_url":"http:\/\/www.mandolin-tempo-bordeaux.fr\/wp-content\/uploads\/2014\/07\/derni\u00e8re-soir\u00e9e-avec-nos-amis-2_1-1000x288.jpg"},"small-feature":{"file":"derni\u00e8re-soir\u00e9e-avec-nos-amis-2_1-451x300.jpg","width":"451","height":"300","source_url":"http:\/\/www.mandolin-tempo-bordeaux.fr\/wp-content\/uploads\/2014\/07\/derni\u00e8re-soir\u00e9e-avec-nos-amis-2_1-451x300.jpg"},"full":{"file":"derni\u00e8re-soir\u00e9e-avec-nos-amis-2_1.jpg","width":1000,"height":664,"mime_type":"image\/jpeg","source_url":"http:\/\/www.mandolin-tempo-bordeaux.fr\/wp-content\/uploads\/2014\/07\/derni\u00e8re-soir\u00e9e-avec-nos-amis-2_1.jpg"}},"image_meta":{"aperture":"0","credit":"","camera":"","caption":"","created_timestamp":"0","copyright":"","focal_length":"0","iso":"0","shutter_speed":"0","title":""}},"post":477,"source_url":"http:\/\/www.mandolin-tempo-bordeaux.fr\/wp-content\/uploads\/2014\/07\/derni\u00e8re-soir\u00e9e-avec-nos-amis-2_1.jpg","_links":{"self":[{"href":"http:\/\/www.mandolin-tempo-bordeaux.fr\/index.php?rest_route=\/wp\/v2\/media\/481","targetHints":{"allow":["GET"]}}],"collection":[{"href":"http:\/\/www.mandolin-tempo-bordeaux.fr\/index.php?rest_route=\/wp\/v2\/media"}],"about":[{"href":"http:\/\/www.mandolin-tempo-bordeaux.fr\/index.php?rest_route=\/wp\/v2\/types\/attachment"}],"author":[{"embeddable":true,"href":"http:\/\/www.mandolin-tempo-bordeaux.fr\/index.php?rest_route=\/wp\/v2\/users\/3"}],"replies":[{"embeddable":true,"href":"http:\/\/www.mandolin-tempo-bordeaux.fr\/index.php?rest_route=%2Fwp%2Fv2%2Fcomments&post=481"}],"wp:attached-to":[{"embeddable":true,"post_type":"post","id":477,"href":"http:\/\/www.mandolin-tempo-bordeaux.fr\/index.php?rest_route=\/wp\/v2\/posts\/477"}],"curies":[{"name":"wp","href":"https:\/\/api.w.org\/{rel}","templated":true}]}}

http://www.mandolin-tempo-bordeaux.fr/wp-content/uploads/2014/07/dernière-soirée-avec-nos-amis-2_1.jpg

dernière soirée avec nos amis 2_1

<p class="attachment"><a href='http://www.mandolin-tempo-bordeaux.fr/wp-content/uploads/2014/07/dernière-soirée-avec-nos-amis-2_1.jpg'><img loading="lazy" decoding="async" width="300" height="199" src="http://www.mandolin-tempo-bordeaux.fr/wp-content/uploads/2014/07/dernière-soirée-avec-nos-amis-2_1-300x199.jpg" class="attachment-medium size-medium" alt="" srcset="http://www.mandolin-tempo-bordeaux.fr/wp-content/uploads/2014/07/dernière-soirée-avec-nos-amis-2_1-300x199.jpg 300w, http://www.mandolin-tempo-bordeaux.fr/wp-content/uploads/2014/07/dernière-soirée-avec-nos-amis-2_1-451x300.jpg 451w, http://www.mandolin-tempo-bordeaux.fr/wp-content/uploads/2014/07/dernière-soirée-avec-nos-amis-2_1.jpg 1000w" sizes="auto, (max-width: 300px) 100vw, 300px" /></a></p>

2014/07/dernière-soirée-avec-nos-amis-2_1.jpg

dernière-soirée-avec-nos-amis-2_1-150x150.jpg

http://www.mandolin-tempo-bordeaux.fr/wp-content/uploads/2014/07/dernière-soirée-avec-nos-amis-2_1-150x150.jpg

dernière-soirée-avec-nos-amis-2_1-300x199.jpg

http://www.mandolin-tempo-bordeaux.fr/wp-content/uploads/2014/07/dernière-soirée-avec-nos-amis-2_1-300x199.jpg

dernière-soirée-avec-nos-amis-2_1-1000x288.jpg

http://www.mandolin-tempo-bordeaux.fr/wp-content/uploads/2014/07/dernière-soirée-avec-nos-amis-2_1-1000x288.jpg

dernière-soirée-avec-nos-amis-2_1-451x300.jpg

http://www.mandolin-tempo-bordeaux.fr/wp-content/uploads/2014/07/dernière-soirée-avec-nos-amis-2_1-451x300.jpg

dernière-soirée-avec-nos-amis-2_1.jpg
