{"id":4,"date":"2012-03-25T20:10:25","date_gmt":"2012-03-25T20:10:25","guid":{"rendered":"http:\/\/www.mandolin-tempo-bordeaux.fr\/?page_id=4"},"modified":"2024-05-30T11:22:23","modified_gmt":"2024-05-30T11:22:23","slug":"presentation","status":"publish","type":"page","link":"http:\/\/www.mandolin-tempo-bordeaux.fr\/?page_id=4","title":{"rendered":"Pr\u00e9sentation"},"content":{"rendered":"<div>L\u2019association Mandol\u2019in Tempo et son orchestre \u00e9ponyme ont \u00e9t\u00e9 cr\u00e9\u00e9s en septembre 2006.<\/div>\n<div>\n<p>La mandoline n\u2019est pas ancr\u00e9e dans la culture bordelaise comme elle peut l\u2019\u00eatre dans le grand sud de la France. Nous faisons donc d\u00e9couvrir cet instrument par le biais de concerts.<\/p>\n<p><span style=\"font-weight: 300;\">Des rencontres musicales avec d\u2019autres Orchestres \u00e0 plectres nous ont amen\u00e9s \u00e0 nous produire dans la Vienne, en Midi-Pyr\u00e9n\u00e9es, Pays Basque ainsi qu\u2019en Bulgarie et au Portugal. Nous collaborons aussi \u00e0 des projets musicaux nous ermettant de jouer avec des&nbsp; ensembles vocaux.<\/span><\/p>\n<p>Depuis novembre 2012, la direction de l\u2019ensemble est confi\u00e9e \u00e0 Jean-Luc Rocchietti.<\/p>\n<\/div>\n<div>Notre bureau est actuellement constitu\u00e9 de Fr\u00e9d\u00e9rique Torres (Pr\u00e9sidente), Olivier Charles (Tr\u00e9sorier),&nbsp; Annick Giraudel (secr\u00e9taire).<\/div>\n<p><a href=\"http:\/\/www.mandolin-tempo-bordeaux.fr\/wp-content\/uploads\/2012\/03\/ensemble-Mint2014.jpg\"><img loading=\"lazy\" decoding=\"async\" class=\"aligncenter size-full wp-image-450\" title=\"ensemble Min't2014\" src=\"http:\/\/www.mandolin-tempo-bordeaux.fr\/wp-content\/uploads\/2012\/03\/ensemble-Mint2014.jpg\" alt=\"\" width=\"1000\" height=\"664\" srcset=\"http:\/\/www.mandolin-tempo-bordeaux.fr\/wp-content\/uploads\/2012\/03\/ensemble-Mint2014.jpg 1000w, http:\/\/www.mandolin-tempo-bordeaux.fr\/wp-content\/uploads\/2012\/03\/ensemble-Mint2014-300x199.jpg 300w, http:\/\/www.mandolin-tempo-bordeaux.fr\/wp-content\/uploads\/2012\/03\/ensemble-Mint2014-451x300.jpg 451w\" sizes=\"auto, (max-width: 1000px) 100vw, 1000px\" \/><\/a><\/p>\n<p><img loading=\"lazy\" decoding=\"async\" class=\"alignright size-full wp-image-953\" src=\"http:\/\/www.mandolin-tempo-bordeaux.fr\/wp-content\/uploads\/2024\/05\/Photo-groupe-22-c-pour-comm.jpg\" alt=\"\" width=\"1682\" height=\"1600\" srcset=\"http:\/\/www.mandolin-tempo-bordeaux.fr\/wp-content\/uploads\/2024\/05\/Photo-groupe-22-c-pour-comm.jpg 1682w, http:\/\/www.mandolin-tempo-bordeaux.fr\/wp-content\/uploads\/2024\/05\/Photo-groupe-22-c-pour-comm-300x285.jpg 300w, http:\/\/www.mandolin-tempo-bordeaux.fr\/wp-content\/uploads\/2024\/05\/Photo-groupe-22-c-pour-comm-1024x974.jpg 1024w, http:\/\/www.mandolin-tempo-bordeaux.fr\/wp-content\/uploads\/2024\/05\/Photo-groupe-22-c-pour-comm-768x731.jpg 768w, http:\/\/www.mandolin-tempo-bordeaux.fr\/wp-content\/uploads\/2024\/05\/Photo-groupe-22-c-pour-comm-1536x1461.jpg 1536w, http:\/\/www.mandolin-tempo-bordeaux.fr\/wp-content\/uploads\/2024\/05\/Photo-groupe-22-c-pour-comm-315x300.jpg 315w\" sizes=\"auto, (max-width: 1682px) 100vw, 1682px\" \/><\/p>\n<div><span style=\"font-weight: 300;\">Mandol\u2019In Tempo fait partie des rares ensembles de mandolines et guitares fran\u00e7ais. Il est compos\u00e9 d&rsquo;une vingtaine de musiciens r\u00e9partis en diff\u00e9rents pupitres : premi\u00e8res et secondes mandolines, mandoles, guitares, &nbsp;basse et violoncelle.<\/span><\/div>\n<p>\u0152uvres classiques, traditionnelles ou contemporaines, le programme abord\u00e9&nbsp;traverse les \u00e9poques et les continents&nbsp;: Am\u00e9rique du Sud, Japon, Irlande ou Italie\u2026<\/p>\n<p><span style=\"font-weight: 300;\">Les r\u00e9p\u00e9titions ont lieu tous les quinze jours, le mardi soir de 20h \u00e0 22h \u00e0 l\u2019annexe du Ch\u00e2teau Robillard \u00e0 St Andr\u00e9 de Cubzac au c\u0153ur du vignoble bordelais.<\/span><\/p>\n<h2>Les concerts :<\/h2>\n<p>L&rsquo;enthousiasme et la motivation des musiciens amateurs de l&rsquo;orchestre permet de proposer plusieurs concerts de qualit\u00e9 tout au long de l&rsquo;ann\u00e9e.<\/p>\n<p><img loading=\"lazy\" decoding=\"async\" class=\"size-full wp-image-954\" src=\"http:\/\/www.mandolin-tempo-bordeaux.fr\/wp-content\/uploads\/2024\/05\/2022_04_02-Concert_03.jpeg\" alt=\"\" width=\"1900\" height=\"1267\" srcset=\"http:\/\/www.mandolin-tempo-bordeaux.fr\/wp-content\/uploads\/2024\/05\/2022_04_02-Concert_03.jpeg 1900w, http:\/\/www.mandolin-tempo-bordeaux.fr\/wp-content\/uploads\/2024\/05\/2022_04_02-Concert_03-300x200.jpeg 300w, http:\/\/www.mandolin-tempo-bordeaux.fr\/wp-content\/uploads\/2024\/05\/2022_04_02-Concert_03-1024x683.jpeg 1024w, http:\/\/www.mandolin-tempo-bordeaux.fr\/wp-content\/uploads\/2024\/05\/2022_04_02-Concert_03-768x512.jpeg 768w, http:\/\/www.mandolin-tempo-bordeaux.fr\/wp-content\/uploads\/2024\/05\/2022_04_02-Concert_03-1536x1024.jpeg 1536w, http:\/\/www.mandolin-tempo-bordeaux.fr\/wp-content\/uploads\/2024\/05\/2022_04_02-Concert_03-450x300.jpeg 450w\" sizes=\"auto, (max-width: 1900px) 100vw, 1900px\" \/><\/p>\n<p>&nbsp;<\/p>\n<p><strong><em>Direction musicale Jean-Luc Rocchietti<\/em><\/strong><\/p>\n<p>N\u00e9 \u00e0 Marmande (Lot et Garonne) en 1963, Jean-Luc Rocchietti obtient 5 premiers prix dans les classes d\u2019\u00e9criture, de contrepoint et d\u2019harmonie du Conservatoire de R\u00e9gion de Bordeaux. Il remporte \u00e0 l\u2019unanimit\u00e9 la m\u00e9daille d\u2019Or du Conservatoire de R\u00e9gion de Bordeaux ainsi que la M\u00e9daille d\u2019Honneur de la ville de Bordeaux (la plus haute distinction).<\/p>\n<p>Il se produit lors de nombreux concerts et r\u00e9citals en France et \u00e0 l\u2019\u00e9tranger (Hollande, Espagne Guatemala, Salvador\u2026).<\/p>\n<p>En duo avec Beno\u00eet Albert, il joue r\u00e9guli\u00e8rement le double concerto pour guitares de Vivaldi avec diff\u00e9rents ensembles de musique de chambre<\/p>\n<p>Jean-Luc Rocchietti se produit \u00e9galement avec les ensembles de musique contemporaine Proxima Centauri et l\u2019Ensemble des Solistes de L\u2019Orchestre National Bordeaux Aquitaine.<\/p>\n<p>Ses comp\u00e9tences en \u00e9criture et orchestration lui permettent de cr\u00e9er des pi\u00e8ces telles que le concerto pour guitare \u00a0\u00bb&nbsp;Sauveur de hasard&nbsp;\u00a0\u00bb de&nbsp;<a href=\"http:\/\/www.multimania.com\/philippelaval\/\">Philippe Laval&nbsp;<\/a>avec l&rsquo;Orchestre National Du Salvador sous la direction de&nbsp; G. Cacers et avec l&rsquo;Orchestre des Symphonistes d&rsquo;Aquitaine.<\/p>\n<p>Il prend depuis 2012 la direction de l\u2019Ensemble \u00e0 Plectres Mandol\u2019In Tempo<\/p>\n<p>&nbsp;<\/p>\n<p>&nbsp;<\/p>\n","protected":false},"excerpt":{"rendered":"<p>L\u2019association Mandol\u2019in Tempo et son orchestre \u00e9ponyme ont \u00e9t\u00e9 cr\u00e9\u00e9s en septembre 2006. La mandoline n\u2019est pas ancr\u00e9e dans la culture bordelaise comme elle peut l\u2019\u00eatre dans le grand sud de la France. Nous faisons donc d\u00e9couvrir cet instrument par &hellip; <a href=\"http:\/\/www.mandolin-tempo-bordeaux.fr\/?page_id=4\">Continuer la lecture <span class=\"meta-nav\">&rarr;<\/span><\/a><\/p>\n","protected":false},"author":1,"featured_media":0,"parent":0,"menu_order":0,"comment_status":"closed","ping_status":"closed","template":"sidebar-page.php","meta":{"ngg_post_thumbnail":0,"footnotes":""},"class_list":["post-4","page","type-page","status-publish","hentry"],"_links":{"self":[{"href":"http:\/\/www.mandolin-tempo-bordeaux.fr\/index.php?rest_route=\/wp\/v2\/pages\/4","targetHints":{"allow":["GET"]}}],"collection":[{"href":"http:\/\/www.mandolin-tempo-bordeaux.fr\/index.php?rest_route=\/wp\/v2\/pages"}],"about":[{"href":"http:\/\/www.mandolin-tempo-bordeaux.fr\/index.php?rest_route=\/wp\/v2\/types\/page"}],"author":[{"embeddable":true,"href":"http:\/\/www.mandolin-tempo-bordeaux.fr\/index.php?rest_route=\/wp\/v2\/users\/1"}],"replies":[{"embeddable":true,"href":"http:\/\/www.mandolin-tempo-bordeaux.fr\/index.php?rest_route=%2Fwp%2Fv2%2Fcomments&post=4"}],"version-history":[{"count":26,"href":"http:\/\/www.mandolin-tempo-bordeaux.fr\/index.php?rest_route=\/wp\/v2\/pages\/4\/revisions"}],"predecessor-version":[{"id":955,"href":"http:\/\/www.mandolin-tempo-bordeaux.fr\/index.php?rest_route=\/wp\/v2\/pages\/4\/revisions\/955"}],"wp:attachment":[{"href":"http:\/\/www.mandolin-tempo-bordeaux.fr\/index.php?rest_route=%2Fwp%2Fv2%2Fmedia&parent=4"}],"curies":[{"name":"wp","href":"https:\/\/api.w.org\/{rel}","templated":true}]}}

Présentation

<div>L’association Mandol’in Tempo et son orchestre éponyme ont été créés en septembre 2006.</div>
<div>
<p>La mandoline n’est pas ancrée dans la culture bordelaise comme elle peut l’être dans le grand sud de la France. Nous faisons donc découvrir cet instrument par le biais de concerts.</p>
<p><span style="font-weight: 300;">Des rencontres musicales avec d’autres Orchestres à plectres nous ont amenés à nous produire dans la Vienne, en Midi-Pyrénées, Pays Basque ainsi qu’en Bulgarie et au Portugal. Nous collaborons aussi à des projets musicaux nous ermettant de jouer avec des&nbsp; ensembles vocaux.</span></p>
<p>Depuis novembre 2012, la direction de l’ensemble est confiée à Jean-Luc Rocchietti.</p>
</div>
<div>Notre bureau est actuellement constitué de Frédérique Torres (Présidente), Olivier Charles (Trésorier),&nbsp; Annick Giraudel (secrétaire).</div>
<p><a href="http://www.mandolin-tempo-bordeaux.fr/wp-content/uploads/2012/03/ensemble-Mint2014.jpg"><img loading="lazy" decoding="async" class="aligncenter size-full wp-image-450" title="ensemble Min't2014" src="http://www.mandolin-tempo-bordeaux.fr/wp-content/uploads/2012/03/ensemble-Mint2014.jpg" alt="" width="1000" height="664" srcset="http://www.mandolin-tempo-bordeaux.fr/wp-content/uploads/2012/03/ensemble-Mint2014.jpg 1000w, http://www.mandolin-tempo-bordeaux.fr/wp-content/uploads/2012/03/ensemble-Mint2014-300x199.jpg 300w, http://www.mandolin-tempo-bordeaux.fr/wp-content/uploads/2012/03/ensemble-Mint2014-451x300.jpg 451w" sizes="auto, (max-width: 1000px) 100vw, 1000px" /></a></p>
<p><img loading="lazy" decoding="async" class="alignright size-full wp-image-953" src="http://www.mandolin-tempo-bordeaux.fr/wp-content/uploads/2024/05/Photo-groupe-22-c-pour-comm.jpg" alt="" width="1682" height="1600" srcset="http://www.mandolin-tempo-bordeaux.fr/wp-content/uploads/2024/05/Photo-groupe-22-c-pour-comm.jpg 1682w, http://www.mandolin-tempo-bordeaux.fr/wp-content/uploads/2024/05/Photo-groupe-22-c-pour-comm-300x285.jpg 300w, http://www.mandolin-tempo-bordeaux.fr/wp-content/uploads/2024/05/Photo-groupe-22-c-pour-comm-1024x974.jpg 1024w, http://www.mandolin-tempo-bordeaux.fr/wp-content/uploads/2024/05/Photo-groupe-22-c-pour-comm-768x731.jpg 768w, http://www.mandolin-tempo-bordeaux.fr/wp-content/uploads/2024/05/Photo-groupe-22-c-pour-comm-1536x1461.jpg 1536w, http://www.mandolin-tempo-bordeaux.fr/wp-content/uploads/2024/05/Photo-groupe-22-c-pour-comm-315x300.jpg 315w" sizes="auto, (max-width: 1682px) 100vw, 1682px" /></p>
<div><span style="font-weight: 300;">Mandol’In Tempo fait partie des rares ensembles de mandolines et guitares français. Il est composé d&rsquo;une vingtaine de musiciens répartis en différents pupitres : premières et secondes mandolines, mandoles, guitares, &nbsp;basse et violoncelle.</span></div>
<p>Œuvres classiques, traditionnelles ou contemporaines, le programme abordé&nbsp;traverse les époques et les continents&nbsp;: Amérique du Sud, Japon, Irlande ou Italie…</p>
<p><span style="font-weight: 300;">Les répétitions ont lieu tous les quinze jours, le mardi soir de 20h à 22h à l’annexe du Château Robillard à St André de Cubzac au cœur du vignoble bordelais.</span></p>
<h2>Les concerts :</h2>
<p>L&rsquo;enthousiasme et la motivation des musiciens amateurs de l&rsquo;orchestre permet de proposer plusieurs concerts de qualité tout au long de l&rsquo;année.</p>
<p><img loading="lazy" decoding="async" class="size-full wp-image-954" src="http://www.mandolin-tempo-bordeaux.fr/wp-content/uploads/2024/05/2022_04_02-Concert_03.jpeg" alt="" width="1900" height="1267" srcset="http://www.mandolin-tempo-bordeaux.fr/wp-content/uploads/2024/05/2022_04_02-Concert_03.jpeg 1900w, http://www.mandolin-tempo-bordeaux.fr/wp-content/uploads/2024/05/2022_04_02-Concert_03-300x200.jpeg 300w, http://www.mandolin-tempo-bordeaux.fr/wp-content/uploads/2024/05/2022_04_02-Concert_03-1024x683.jpeg 1024w, http://www.mandolin-tempo-bordeaux.fr/wp-content/uploads/2024/05/2022_04_02-Concert_03-768x512.jpeg 768w, http://www.mandolin-tempo-bordeaux.fr/wp-content/uploads/2024/05/2022_04_02-Concert_03-1536x1024.jpeg 1536w, http://www.mandolin-tempo-bordeaux.fr/wp-content/uploads/2024/05/2022_04_02-Concert_03-450x300.jpeg 450w" sizes="auto, (max-width: 1900px) 100vw, 1900px" /></p>
<p>&nbsp;</p>
<p><strong><em>Direction musicale Jean-Luc Rocchietti</em></strong></p>
<p>Né à Marmande (Lot et Garonne) en 1963, Jean-Luc Rocchietti obtient 5 premiers prix dans les classes d’écriture, de contrepoint et d’harmonie du Conservatoire de Région de Bordeaux. Il remporte à l’unanimité la médaille d’Or du Conservatoire de Région de Bordeaux ainsi que la Médaille d’Honneur de la ville de Bordeaux (la plus haute distinction).</p>
<p>Il se produit lors de nombreux concerts et récitals en France et à l’étranger (Hollande, Espagne Guatemala, Salvador…).</p>
<p>En duo avec Benoît Albert, il joue régulièrement le double concerto pour guitares de Vivaldi avec différents ensembles de musique de chambre</p>
<p>Jean-Luc Rocchietti se produit également avec les ensembles de musique contemporaine Proxima Centauri et l’Ensemble des Solistes de L’Orchestre National Bordeaux Aquitaine.</p>
<p>Ses compétences en écriture et orchestration lui permettent de créer des pièces telles que le concerto pour guitare  »&nbsp;Sauveur de hasard&nbsp; » de&nbsp;<a href="http://www.multimania.com/philippelaval/">Philippe Laval&nbsp;</a>avec l&rsquo;Orchestre National Du Salvador sous la direction de&nbsp; G. Cacers et avec l&rsquo;Orchestre des Symphonistes d&rsquo;Aquitaine.</p>
<p>Il prend depuis 2012 la direction de l’Ensemble à Plectres Mandol’In Tempo</p>
<p>&nbsp;</p>
<p>&nbsp;</p>

<p>L’association Mandol’in Tempo et son orchestre éponyme ont été créés en septembre 2006. La mandoline n’est pas ancrée dans la culture bordelaise comme elle peut l’être dans le grand sud de la France. Nous faisons donc découvrir cet instrument par &hellip; <a href="http://www.mandolin-tempo-bordeaux.fr/?page_id=4">Continuer la lecture <span class="meta-nav">&rarr;</span></a></p>
